{"id":413,"date":"2019-11-11T18:23:30","date_gmt":"2019-11-11T18:23:30","guid":{"rendered":"http:\/\/klang-cafe.com\/?page_id=413"},"modified":"2024-10-07T14:24:21","modified_gmt":"2024-10-07T14:24:21","slug":"klangmassage","status":"publish","type":"page","link":"https:\/\/klang-cafe.com\/?page_id=413","title":{"rendered":"Klangmassage"},"content":{"rendered":"<div class=\"wp-block-image\">\n<figure class=\"alignleft is-resized\"><img loading=\"lazy\" decoding=\"async\" width=\"768\" height=\"1024\" src=\"https:\/\/klang-cafe.com\/wp-content\/uploads\/2019\/11\/20191111_123804-e1573474389909-768x1024.jpg\" alt=\"\" class=\"wp-image-397\" style=\"width:181px;height:241px\" srcset=\"https:\/\/klang-cafe.com\/wp-content\/uploads\/2019\/11\/20191111_123804-e1573474389909-768x1024.jpg 768w, https:\/\/klang-cafe.com\/wp-content\/uploads\/2019\/11\/20191111_123804-e1573474389909-scaled-350x467.jpg 350w, https:\/\/klang-cafe.com\/wp-content\/uploads\/2019\/11\/20191111_123804-e1573474389909-225x300.jpg 225w, https:\/\/klang-cafe.com\/wp-content\/uploads\/2019\/11\/20191111_123804-e1573474389909-scaled.jpg 1920w\" sizes=\"auto, (max-width: 768px) 100vw, 768px\" \/><\/figure>\n<\/div>\n\n\n<p>Eine Klangmassage ist eine Wohlf\u00fchlbehandlung die zus\u00e4tzlich zu einem bestimmten Thema oder einer lebensbedingten Aufgabenstellung sein kann. Der K\u00f6rper besteht aus 70 \u2013 80 % aus Wasser und kann die Vibrationen und Kl\u00e4nge gut aufnehmen.  Durch die feinen Schwingungen der Instrumente k\u00f6nnen Selbstheilungskr\u00e4fte aktiviert  werden. Bei meiner Klangmassage werden zun\u00e4chst Klangschalen in einem bestimmten Schema auf den bekleideten K\u00f6rper gestellt und angeschlagen. Danach wird die Klangmassage mit unterschiedlichsten Instrumenten intuitiv weitergef\u00fchrt. Die Klangmassage wird auf deine Bed\u00fcrfnisse und W\u00fcnsche abgestimmt <\/p>\n\n\n\n<p>Dauer: Mit Vor- und Nachgespr\u00e4ch zwischen 60 und 90 Minuten. <br>Kosten: <br>Einzelbehandlung 60,00 \u20ac &#8211; 90,00 \u20ac<\/p>\n\n\n<p><!--EndFragment--><\/p>","protected":false},"excerpt":{"rendered":"<p>Eine Klangmassage ist eine Wohlf\u00fchlbehandlung die zus\u00e4tzlich zu einem bestimmten Thema oder einer lebensbedingten Aufgabenstellung sein kann. Der K\u00f6rper besteht aus 70 \u2013 80 % &hellip;<\/p>\n","protected":false},"author":1,"featured_media":0,"parent":0,"menu_order":0,"comment_status":"closed","ping_status":"closed","template":"","meta":{"_price":"","_stock":"","_tribe_ticket_header":"","_tribe_default_ticket_provider":"","_tribe_ticket_capacity":"0","_ticket_start_date":"","_ticket_end_date":"","_tribe_ticket_show_description":"","_tribe_ticket_show_not_going":false,"_tribe_ticket_use_global_stock":"","_tribe_ticket_global_stock_level":"","_global_stock_mode":"","_global_stock_cap":"","_tribe_rsvp_for_event":"","_tribe_ticket_going_count":"","_tribe_ticket_not_going_count":"","_tribe_tickets_list":"[]","_tribe_ticket_has_attendee_info_fields":false,"footnotes":"","_tec_slr_enabled":"","_tec_slr_layout":""},"class_list":["post-413","page","type-page","status-publish","hentry"],"ticketed":false,"_links":{"self":[{"href":"https:\/\/klang-cafe.com\/index.php?rest_route=\/wp\/v2\/pages\/413","targetHints":{"allow":["GET"]}}],"collection":[{"href":"https:\/\/klang-cafe.com\/index.php?rest_route=\/wp\/v2\/pages"}],"about":[{"href":"https:\/\/klang-cafe.com\/index.php?rest_route=\/wp\/v2\/types\/page"}],"author":[{"embeddable":true,"href":"https:\/\/klang-cafe.com\/index.php?rest_route=\/wp\/v2\/users\/1"}],"replies":[{"embeddable":true,"href":"https:\/\/klang-cafe.com\/index.php?rest_route=%2Fwp%2Fv2%2Fcomments&post=413"}],"version-history":[{"count":3,"href":"https:\/\/klang-cafe.com\/index.php?rest_route=\/wp\/v2\/pages\/413\/revisions"}],"predecessor-version":[{"id":1147,"href":"https:\/\/klang-cafe.com\/index.php?rest_route=\/wp\/v2\/pages\/413\/revisions\/1147"}],"wp:attachment":[{"href":"https:\/\/klang-cafe.com\/index.php?rest_route=%2Fwp%2Fv2%2Fmedia&parent=413"}],"curies":[{"name":"wp","href":"https:\/\/api.w.org\/{rel}","templated":true}]}}